9.
1009
Calculate the remainder when 7418816 is divided by 17415.
26
What is the remainder when 1260710 is divided by 419?
358
What is the remainder when 3803847 is divided by 817?
712
What is the remainder when 131174 is divided by 5009?
940
What is the remainder when 2024196222 is divided by 64?
62
What is the remainder when 96582047 is divided by 6?
5
Calculate the remainder when 1252818 is divided by 3549.
21
What is the remainder when 135579 is divided by 81?
66
What is the remainder when 3991 is divided by 3204?
787
Calculate the remainder when 28156414 is divided by 17.
11
What is the remainder when 40546 is divided by 884?
766
What is the remainder when 1381689 is divided by 1326?
1323
Calculate the remainder when 14526283 is divided by 1994.
1987
What is the remainder when 5736940 is divided by 151?
148
What is the remainder when 3827295 is divided by 164?
27
Calculate the remainder when 265412078 is divided by 42.
8
Calculate the remainder when 54701568 is divided by 2604836.
12
Calculate the remainder when 1437597431 is divided by 72.
71
Calculate the remainder when 2410897 is divided by 1019.
962
Calculate the remainder when 143206 is divided by 143121.
85
What is the remainder when 4758956 is divided by 1506?
1502
Calculate the remainder when 3682858 is divided by 18.
4
What is the remainder when 18053 is divided by 17761?
292
What is the remainder when 831208 is divided by 618?
616
What is the remainder when 7521 is divided by 2541?
2439
Calculate the remainder when 102704 is divided by 37.
29
Calculate the remainder when 186473 is divided by 2625.
98
Calculate the remainder when 1157542 is divided by 233.
231
What is the remainder when 693926 is divided by 171?
8
What is the remainder when 1900206 is divided by 981?
9
What is the remainder when 7446582 is divided by 584?
582
Calculate the remainder when 1278211 is divided by 7064.
6691
Calculate the remainder when 8253827 is divided by 752.
627
Calculate the remainder when 34263345 is divided by 559.
558
Calculate the remainder when 5043332 is divided by 26131.
49
What is the remainder when 95053 is divided by 927?
499
Calculate the remainder when 30469 is divided by 372.
337
Calculate the remainder when 136879 is divided by 435.
289
What is the remainder when 14650758 is divided by 128?
6
Calculate the remainder when 51062878 is divided by 2640.
2638
Calculate the remainder when 9814954 is divided by 258288.
10
Calculate the remainder when 498294 is divided by 313.
311
What is the remainder when 648416 is divided by 973?
398
What is the remainder when 16571 is divided by 8521?
8050
What is the remainder when 7280531 is divided by 115?
111
Calculate the remainder when 732506 is divided by 29299.
31
What is the remainder when 105568 is divided by 11671?
529
Calculate the remainder when 6606062 is divided by 1571.
7
What is the remainder when 6525595 is divided by 543795?
55
What is the remainder when 561333007 is divided by 10?
7
Calculate the remainder when 11524712 is divided by 2864.
2840
Calculate the remainder when 231786 is divided by 13631.
59
What is the remainder when 224169 is divided by 740?
689
Calculate the remainder when 25645 is divided by 65.
35
What is the remainder when 21447011 is divided by 15?
11
What is the remainder when 3942112 is divided by 26457?
19
Calculate the remainder when 64679523 is divided by 918.
915
What is the remainder when 1203004 is divided by 97?
10
What is the remainder when 14974881 is divided by 18?
15
Calculate the remainder when 1229751 is divided by 409793.
372
What is the remainder when 66380460 is divided by 3687803?
6
What is the remainder when 7930376 is divided by 33?
14
What is the remainder when 381137 is divided by 5774?
53
Calculate the remainder when 277540 is divided by 1621.
349
Calculate the remainder when 58514999 is divided by 498.
497
What is the remainder when 29077748 is divided by 17?
13
Calculate the remainder when 143487 is divided by 936.
279
What is the remainder when 5526616 is divided by 707?
704
Calculate the remainder when 1705574 is divided by 46095.
59
Calculate the remainder when 37248427 is divided by 1436.
23
What is the remainder when 326714847 is divided by 6286?
6283
What is the remainder when 14220 is divided by 1189?
1141
What is the remainder when 7240977 is divided by 8995?
2
What is the remainder when 1196281 is divided by 155?
146
What is the remainder when 36215 is divided by 2708?
1011
What is the remainder when 1095103 is divided by 547551?
1
What is the remainder when 715251 is divided by 23072?
19
Calculate the remainder when 11609186 is divided by 111.
29
What is the remainder when 9616924 is divided by 1373805?
289
Calculate the remainder when 208301 is divided by 208102.
199
What is the remainder when 189211053 is divided by 34?
33
What is the remainder when 618886111 is divided by 427?
424
What is the remainder when 2314342 is divided by 29?
26
Calculate the remainder when 423858 is divided by 1875.
108
Calculate the remainder when 141761225 is divided by 6747.
8
Calculate the remainder when 264417 is divided by 88091.
144
What is the remainder when 380098 is divided by 379976?
122
Calculate the remainder when 204817 is divided by 216.
49
What is the remainder when 646575 is divided by 215512?
39
Calculate the remainder when 12292 is divided by 3385.
2137
Calculate the remainder when 71699692 is divided by 71699692.
0
Calculate the remainder when 17615520 is divided by 55221.
21
What is the remainder when 74678 is divided by 200?
78
What is the remainder when 9000003 is divided by 27027?
12
What is the remainder when 815842 is divided by 371?
13
What is the remainder when 948679557 is divided by 8313?
8310
What is the remainder when 3184558 is divided by 532?
6
What is the remainder when 15604840 is divided by 3901191?
76
Calculate the remainder when 217695956 is divided by 2182.
2180
What is the remainder when 763163 is divided by 986?
985
What is the remainder when 1308881 is divided by 145428?
29
What is the remainder when 15021239 is divided by 178?
175
What is the remainder when 830776 is divided by 6597?
6151
Calculate the remainder when 541222882 is divided by 274.
272
Calculate the remainder when 11060703 is divided by 11060699.
4
Calculate the remainder when 5231380 is divided by 697.
395
Calculate the remainder when 11801968 is divided by 67.
52
What is the remainder when 3301170 is divided by 4016?
18
What is the remainder when 2117136 is divided by 4755?
1161
What is the remainder when 108876 is divided by 36198?
282
Calculate the remainder when 721803 is divided by 273.
264
Calculate the remainder when 33894232 is divided by 691719.
1
What is the remainder when 75793535 is divided by 1943423?
38
Calculate the remainder when 120077 is divided by 22591.
7122
Calculate the remainder when 353054 is divided by 1390.
1384
What is the remainder when 6112852 is divided by 9?
7
Calculate the remainder when 2110748 is divided by 504.
500
Calculate the remainder when 79181957 is divided by 19795480.
37
What is the remainder when 24512661 is divided by 1393?
40
What is the remainder when 10708023 is divided by 21?
18
Calculate the remainder when 17051533 is divided by 9138.
25
What is the remainder when 4685983 is divided by 37?
7
Calculate the remainder when 78015261 is divided by 23.
20
What is the remainder when 40427 is divided by 19779?
869
What is the remainder when 14980499 is divided by 11272?
11
Calculate the remainder when 91142 is divided by 766.
754
What is the remainder when 44842 is divided by 187?
149
Calculate the remainder when 380819 is divided by 76160.
19
Calculate the remainder when 7873049 is divided by 431.
403
Calculate the remainder when 179087 is divided by 35755.
312
What is the remainder when 44293 is divided by 21177?
1939
What is the remainder when 2891144 is divided by 31?
22
What is the remainder when 25384581 is divided by 1386?
1377
Calculate the remainder when 29536930 is divided by 9845643.
1
Calculate the remainder when 42587391 is divided by 1107.
1101
What is the remainder when 1332456 is divided by 1083?
366
Calculate the remainder when 333911 is divided by 4796.
2987
Calculate the remainder when 1355622 is divided by 112938.
366
What is t